
What is the thousands digit of 14262?
4
What is the tens digit of 1041?
4
What is the hundreds digit of 183397?
3
What is the units digit of 1576?
6
What is the units digit of 946?
6
What is the units digit of 43942?
2
What is the units digit of 5952?
2
What is the thousands digit of 10010?
0
What is the hundreds digit of 846?
8
What is the tens digit of 3496?
9
What is the units digit of 4559?
9
What is the thousands digit of 4340?
4
What is the hundreds digit of 1002?
0
What is the tens digit of 2016?
1
What is the ten thousands digit of 22830?
2
What is the units digit of 5393?
3
What is the ten thousands digit of 10098?
1
What is the thousands digit of 5524?
5
What is the tens digit of 45010?
1
What is the thousands digit of 9041?
9
What is the thousands digit of 15431?
5
What is the units digit of 22012?
2
What is the units digit of 7984?
4
What is the hundreds digit of 25575?
5
What is the tens digit of 134453?
5
What is the hundreds digit of 2729?
7
What is the thousands digit of 3207?
3
What is the tens digit of 10668?
6
What is the tens digit of 732?
3
What is the hundreds digit of 3392?
3
What is the hundreds digit of 44510?
5
What is the hundreds digit of 51366?
3
What is the hundreds digit of 10330?
3
What is the tens digit of 2809?
0
What is the thousands digit of 65063?
5
What is the ten thousands digit of 13551?
1
What is the hundreds digit of 5399?
3
What is the units digit of 19390?
0
What is the units digit of 78486?
6
What is the units digit of 9239?
9
What is the hundreds digit of 760?
7
What is the hundreds digit of 691?
6
What is the tens digit of 5555?
5
What is the hundreds digit of 24078?
0
What is the hundreds digit of 5682?
6
What is the hundreds digit of 1840?
8
What is the tens digit of 479?
7
What is the tens digit of 23417?
1
What is the hundreds digit of 6512?
5
What is the tens digit of 1794?
9
What is the units digit of 10959?
9
What is the tens digit of 131?
3
What is the hundreds digit of 1708?
7
What is the tens digit of 2224?
2
What is the hundreds digit of 71589?
5
What is the hundreds digit of 7149?
1
What is the tens digit of 1250?
5
What is the hundreds digit of 247?
2
What is the units digit of 6359?
9
What is the ten thousands digit of 18855?
1
What is the units digit of 4347?
7
What is the tens digit of 1736?
3
What is the units digit of 734?
4
What is the tens digit of 57162?
6
What is the thousands digit of 87068?
7
What is the hundreds digit of 708?
7
What is the units digit of 214?
4
What is the thousands digit of 11799?
1
What is the ten thousands digit of 22791?
2
What is the thousands digit of 13570?
3
What is the units digit of 13610?
0
What is the tens digit of 734?
3
What is the thousands digit of 2616?
2
What is the units digit of 72?
2
What is the units digit of 25832?
2
What is the hundreds digit of 37676?
6
What is the hundreds digit of 987?
9
What is the hundreds digit of 19167?
1
What is the thousands digit of 1229?
1
What is the tens digit of 368?
6
What is the thousands digit of 24390?
4
What is the thousands digit of 3251?
3
What is the hundreds digit of 83245?
2
What is the tens digit of 86?
8
What is the tens digit of 3335?
3
What is the thousands digit of 2053?
2
What is the thousands digit of 5852?
5
What is the hundreds digit of 560?
5
What is the units digit of 1232?
2
What is the ten thousands digit of 21703?
2
What is the thousands digit of 7470?
7
What is the tens digit of 13409?
0
What is the units digit of 6247?
7
What is the tens digit of 5437?
3
What is the hundreds digit of 6597?
5
What is the units digit of 755?
5
What is the thousands digit of 7065?
7
What is the units digit of 5029?
9
What is the hundreds digit of 10693?
6
What is the thousands digit of 8538?
8
What is the hundreds digit of 155?
1
What is the hundred thousands digit of 123078?
1
What is the hundreds digit of 1451?
4
What is the units digit of 1733?
3
What is the ten thousands digit of 84151?
8
What is the units digit of 930?
0
What is the tens digit of 96563?
6
What is the tens digit of 696?
9
What is the tens digit of 1313?
1
What is the thousands digit of 5840?
5
What is the tens digit of 9362?
6
What is the tens digit of 101531?
3
What is the hundreds digit of 4503?
5
What is the thousands digit of 73109?
3
What is the thousands digit of 54633?
4
What is the units digit of 377?
7
What is the thousands digit of 3372?
3
What is the hundreds digit of 1955?
9
What is the tens digit of 723?
2
What is the tens digit of 1391?
9
What is the hundreds digit of 690?
6
What is the units digit of 3808?
8
What is the hundreds digit of 104479?
4
What is the units digit of 8182?
2
What is the thousands digit of 10048?
0
What is the hundreds digit of 363?
3
What is the units digit of 23016?
6
What is the hundreds digit of 8777?
7
What is the hundreds digit of 1842?
8
What is the units digit of 304?
4
What is the units digit of 705?
5
What is the thousands digit of 142353?
2
What is the tens digit of 2228?
2
What is the hundreds digit of 2238?
2
What is the ten thousands digit of 67768?
6
What is the tens digit of 7578?
7
What is the hundreds digit of 716?
7
What is the units digit of 474?
4
What is the units digit of 1628?
8
What is the tens digit of 4873?
7
What is the tens digit of 1922?
2
What is the tens digit of 79112?
1
What is the units digit of 4001?
1
What is the units digit of 1245?
5
What is the hundreds digit of 2019?
0
What is the hundreds digit of 23010?
0
What is the units digit of 29837?
7
What is the hundreds digit of 22003?
0
What is the hundreds digit of 3468?
4
What is the tens digit of 83761?
6
What is the units digit of 4159?
9
What is the thousands digit of 19151?
9
What is the units digit of 3050?
0
What is the tens digit of 3143?
4
What is the hundreds digit of 302?
3
What is the units digit of 13664?
4
What is the ten thousands digit of 140295?
4
What is the ten thousands digit of 31833?
3
What is the ten thousands digit of 50532?
5
What is the ten thousands digit of 12699?
1
What is the thousands digit of 1076?
1
What is the units digit of 817?
7
What is the units digit of 259?
9
What is the hundreds digit of 977?
9
What is the hundreds digit of 142?
1
What is the hundreds digit of 6488?
4
What is the hundreds digit of 1482?
4
What is the units digit of 832?
2
What is the thousands digit of 4491?
4
What is the hundreds digit of 798?
7
What is the hundreds digit of 4105?
1
What is the units digit of 11131?
1
What is the thousands digit of 41576?
1
What is the ten thousands digit of 11616?
1
What is the units digit of 181?
1
What is the units digit of 65?
5
What is the units digit of 2303?
3
What is the tens digit of 5821?
2
What is the ten thousands digit of 12534?
1
What is the units digit of 938?
8
What is the thousands digit of 59068?
9
What is the tens digit of 677?
7
What is the thousands digit of 70804?
0
What is the units digit of 132260?
0
What is the tens digit of 883?
8
What is the tens digit of 2076?
7
What is the units digit of 1080?
0
What is the thousands digit of 5179?
5
What is the thousands digit of 25252?
5
What is the hundreds digit of 1103?
1
What is the units digit of 41742?
2
What is the units digit of 504?
4
What is the units digit of 8615?
5
What is the units digit of 8?
8
What is the units digit of 45615?
5
What is the hundreds digit of 18282?
2
What is the tens digit of 4104?
0
What is the hundreds digit of 503?
5
What is the tens digit of 6971?
7
What is the units digit of 10373?
3
What is the thousands digit of 9905?
9
What is the units digit of 124751?
1
What is the hundreds digit of 99329?
3
What is the thousands digit of 3937?
3
What is the thousands digit of 1876?
1
What is the hundreds digit of 29449?
4
What is the units digit of 4413?
3
What is the hundreds digit of 1041?
0
What is the thousands digit of 2285?
2
What is the ten thousands digit of 38763?
3
What is the thousands digit of 1298?
1
What is the tens digit of 1923?
2
What is the thousands digit of 76465?
6
What is the thousands digit of 3236?
3
What is the hundreds digit of 111205?
2
What is the units digit of 1189?
9
What is the ten thousands digit of 58900?
5
What is the units digit of 1436?
6
What is the tens digit of 883?
8
What is the hundreds digit of 2723?
7
What is the tens digi